7408228203 prime?
True
Is 31405392877 a prime number?
False
Is 2730349529 a composite number?
False
Is 53487191237 a prime number?
False
Is 169531910749 prime?
False
Is 72623749111 a prime number?
True
Is 23717042351 a prime number?
False
Is 5149363909 a composite number?
False
Is 4393112149 a composite number?
True
Is 49748121641 composite?
True
Is 20111696021 composite?
False
Is 36728784601 a prime number?
True
Is 1144796349 a prime number?
False
Is 15439556947 composite?
False
Is 74949698699 a prime number?
True
Is 715420079 a prime number?
False
Is 1412473807 composite?
True
Is 2190534707 a prime number?
False
Is 655709 composite?
True
Is 2980928057 composite?
False
Is 472892911 composite?
True
Is 21344131753 prime?
False
Is 34456050943 prime?
True
Is 283077889 prime?
True
Is 22757503513 a composite number?
True
Is 4335825281 composite?
False
Is 3459227929 a prime number?
False
Is 43891026313 composite?
False
Is 2135468813 a composite number?
True
Is 32936087 composite?
True
Is 4467942919 composite?
True
Is 202463689 a prime number?
True
Is 15064437 a prime number?
False
Is 75240253189 composite?
True
Is 1057555034 prime?
False
Is 351897473651 prime?
False
Is 13103281 a prime number?
False
Is 44151573377 a prime number?
True
Is 397404887 composite?
True
Is 47263668677 prime?
True
Is 1505439869 a composite number?
False
Is 7584855019 prime?
False
Is 1022464193 prime?
True
Is 1385824019 a prime number?
False
Is 1065182561 a composite number?
False
Is 216086149 a composite number?
True
Is 2979375209 a composite number?
False
Is 814913006 a prime number?
False
Is 1217608409 a composite number?
False
Is 1315161895 composite?
True
Is 33529182227 composite?
True
Is 12381866417 prime?
False
Is 21259977881 prime?
True
Is 796605367 a prime number?
False
Is 71619790439 prime?
False
Is 11486689 prime?
False
Is 31239973529 composite?
True
Is 5447428601 a composite number?
False
Is 518526409 a prime number?
False
Is 534157483 a prime number?
True
Is 214812541 a composite number?
True
Is 15374373319 prime?
True
Is 2258084077 composite?
True
Is 16976193569 a composite number?
False
Is 128702024617 prime?
True
Is 2344022347 a prime number?
False
Is 2236404839 a composite number?
True
Is 12254378971 a prime number?
False
Is 24715605617 a composite number?
True
Is 113186807815 composite?
True
Is 185231083 prime?
True
Is 5986126849 a prime number?
False
Is 966779173 composite?
True
Is 80774723447 prime?
False
Is 856836239 a prime number?
False
Is 5418659413 a composite number?
True
Is 282064331 a prime number?
True
Is 405279113647 a composite number?
True
Is 44047374937 prime?
True
Is 41755680583 a composite number?
True
Is 105265830821 a prime number?
False
Is 105297631 prime?
True
Is 18604099057 prime?
True
Is 17715155957 composite?
False
Is 24514411979 a prime number?
False
Is 1124089871 prime?
False
Is 2788735931 prime?
False
Is 44226712667 composite?
True
Is 14043792505 a composite number?
True
Is 298474129 a prime number?
True
Is 18502503218 composite?
True
Is 52948686151 a composite number?
True
Is 161413735943 composite?
False
Is 80436836417 composite?
True
Is 2485678193 prime?
True
Is 28881248021 composite?
False
Is 7493654599 prime?
True
Is 109295997029 a composite number?
True
Is 40786957 a prime number?
True
Is 2753569157 prime?
True
Is 10313185969 composite?
False
Is 18191600173 a prime number?
True
Is 709973647 composite?
True
Is 20604525797 composite?
False
Is 6969266123 prime?
True
Is 761943661 a prime number?
True
Is 12509955877 prime?
True
Is 811508849 composite?
True
Is 2205648547 composite?
False
Is 3050968639 a composite number?
False
Is 1140864757 composite?
False
Is 61886334023 a composite number?
False
Is 1610331421 composite?
False
Is 2013245429 prime?
False
Is 71627226587 composite?
True
Is 14033992457 prime?
False
Is 1429996649 composite?
False
Is 344565260723 a prime number?
True
Is 69637145569 prime?
False
Is 506171983 a prime number?
False
Is 9696959 a prime number?
False
Is 209684201 a prime number?
True
Is 17510217383 a prime number?
True
Is 3820815311 a prime number?
True
Is 111673805339 composite?
False
Is 7734810313 a composite number?
True
Is 75177745883 a composite number?
False
Is 4145619151 a composite number?
True
Is 1041706903 a prime number?
False
Is 160550959 composite?
False
Is 270536137 a prime number?
True
Is 25768437749 a composite number?
False
Is 27820741027 a composite number?
True
Is 14078251331 a composite number?
False
Is 9282813499 composite?
True
Is 149861511151 a prime number?
False
Is 120903655877 a composite number?
False
Is 8641003247 composite?
True
Is 2668037623 prime?
True
Is 5737612019 composite?
True
Is 20016253073 composite?
True
Is 6094430731 prime?
True
Is 219557729 a prime number?
True
Is 12494854481 composite?
True
Is 220293179 a composite number?
True
Is 13947189635 prime?
False
Is 1738494159 prime?
False
Is 69214671707 prime?
True
Is 40790931437 composite?
False
Is 11652071077 composite?
True
Is 5342691877 composite?
True
Is 28511126617 a prime number?
False
Is 3097697797 prime?
True
Is 8818853 prime?
False
Is 9610182541 composite?
False
Is 2699232541 prime?
False
Is 134693311 a composite number?
True
Is 2119900583 a composite number?
True
Is 7981112387 a prime number?
True
Is 295894801 prime?
False
Is 42796145879 a composite number?
True
Is 154246615405 composite?
True
Is 2179191341 composite?
True
Is 5118782819 a prime number?
False
Is 3219356617 composite?
True
Is 24159039941 a prime number?
False
Is 117146044003 a composite number?
True
Is 15314145811 a prime number?
True
Is 208415334154 prime?
False
Is 515771422 prime?
False
Is 219700189 prime?
True
Is 333292367 prime?
False
Is 3869589779 composite?
True
Is 65878593967 prime?
False
Is 7257185081 a prime number?
True
Is 5297398277 composite?
False
Is 12179221511 prime?
False
Is 1834284737 a prime number?
True
Is 515478679 composite?
False
Is 946690197 a composite number?
True
Is 9105871699 composite?
False
Is 1858729331 a composite number?
False
Is 15418938709 a composite number?
False
Is 68693235617 prime?
True
Is 112563911 a prime number?
True
Is 10354134391 prime?
True
Is 9871966739 a composite number?
False
Is 9023046589 a composite number?
True
Is 356137423 prime?
True
Is 10087824673 composite?
False
Is 147793822487 composite?
True
Is 282825759467 composite?
False
Is 62017413 a prime number?
False
Is 1797161945 a prime number?
False
Is 85415294 a prime number?
False
Is 287345687 a prime number?
True
Is 3520891489 prime?
False
Is 61375349843 a prime number?
False
Is 80795910089 a prime number?
True
Is 3288445763 a prime number?
False
Is 4243801039 composite?
True
Is 5004904299 prime?
False
Is 331697939 composite?
False
Is 18861627514 a prime number?
False
Is 57719527 a composite number?
False
Is 8074705511 a prime number?
False
Is 16162589 a composite number?
True
Is 600812183 a prime number?
False
Is 1749628493 a composite number?
True
Is 4186829291 a prime number?
True
Is 1418150131 a composite number?
False
Is 805634266 prime?
False
Is 517523749 a prime number?
False
Is 285399871 a composite number?
False
Is 240303172357 composite?
False
Is 14317001753 a composite number?
False
Is 44555473 a prime number?
False
Is 22549291829 a prime number?
False
Is 547559567 a prime number?
True
Is 26545293067 a prime number?
True
Is 4508850061 a prime number?
True
Is 125042951 composite?
True
Is 4928105519 prime?
False
Is 174851694397 prime?
True
Is 3668502037 composite?
True
Is 571498901 composite?
False
Is 1344577307 prime?
True
Is 13802669061 a prime number?
False
Is 120387598237 prime?
True
Is 19284908767 a prime number?
True
Is 2883646957 prime?
False
Is 12364049 a prime number?
False
Is 208475081 a prime number?
True
Is 63042998549 a composite number?
False
Is 948963487 a prime number?
True
Is 225651898937 prime?
False
Is 1254155341 composite?
False
Is 6179115665 composite?
True
Is 9579758947 prime?
False
Is 279938213 prime?
False
Is 705985127 prime?
False
Is 12744798377 composite?
True
Is 5832222937 a composite number?
True
Is 7485871243 a prime number?
False
Is 2952131677 a prime number?
False
Is 12037731221 a composite number?
False
Is 18825494249 a composite number?
False
Is 20960143577 composite?
False
Is 85786617493 prime?
Fa